alse
Is 211331843 prime?
False
Is 89034229 prime?
False
Is 393796067 a prime number?
False
Is 7994681 prime?
True
Is 77274343 a prime number?
True
Is 207875249 prime?
True
Is 10720837 composite?
False
Is 35886259 composite?
True
Is 177131683 prime?
True
Is 547584073 prime?
True
Is 48644909 prime?
False
Is 146063301 a prime number?
False
Is 5173039 prime?
True
Is 48549245 composite?
True
Is 6057339 a prime number?
False
Is 3051521 a composite number?
True
Is 227584493 a prime number?
False
Is 58443799 composite?
False
Is 2201195 a prime number?
False
Is 3030329 composite?
True
Is 70974698 a composite number?
True
Is 81775973 prime?
False
Is 72190127 composite?
True
Is 647123 prime?
False
Is 14664191 prime?
False
Is 1150711 a composite number?
True
Is 39218477 composite?
False
Is 3371738 a composite number?
True
Is 17789281 composite?
True
Is 128813 composite?
False
Is 589711 a prime number?
True
Is 58034849 composite?
False
Is 45122807 composite?
False
Is 651142 composite?
True
Is 21406643 composite?
False
Is 3411341 composite?
True
Is 6215611 composite?
False
Is 126332641 composite?
True
Is 397299311 a composite number?
False
Is 32327279 a prime number?
True
Is 10056721 a prime number?
True
Is 2055541 a composite number?
False
Is 531294331 a composite number?
True
Is 6390553 a composite number?
True
Is 933690749 a composite number?
False
Is 38999833 composite?
True
Is 82049129 composite?
True
Is 3249787 composite?
True
Is 61525283 a composite number?
True
Is 6308761 a composite number?
False
Is 1263487 a prime number?
True
Is 1677271 composite?
True
Is 60137331 composite?
True
Is 99817993 a composite number?
True
Is 158183149 composite?
True
Is 834973 a prime number?
False
Is 7237507 composite?
True
Is 111859283 prime?
True
Is 6337861 a composite number?
False
Is 17090261 composite?
False
Is 53628061 prime?
True
Is 320610083 a composite number?
True
Is 25971653 prime?
False
Is 35881349 prime?
False
Is 1125659 a composite number?
True
Is 38030383 prime?
True
Is 10944911 prime?
True
Is 47655469 composite?
False
Is 735475903 composite?
False
Is 4688897 a composite number?
False
Is 4304851 prime?
True
Is 26824583 composite?
False
Is 26096381 a composite number?
False
Is 13803067 a prime number?
True
Is 70254461 composite?
True
Is 8775797 prime?
True
Is 58521839 composite?
True
Is 84819121 a prime number?
True
Is 16416557 prime?
True
Is 114294463 composite?
True
Is 2255863 a composite number?
True
Is 2076289 a composite number?
False
Is 62148133 prime?
True
Is 1084140613 composite?
False
Is 734483831 a composite number?
True
Is 60200081 prime?
True
Is 164153 composite?
True
Is 5610481 a composite number?
True
Is 136702067 prime?
True
Is 751123 prime?
True
Is 24312047 a composite number?
False
Is 215692223 a composite number?
False
Is 115050965 composite?
True
Is 6627319 composite?
False
Is 46704873 composite?
True
Is 8328901 a composite number?
True
Is 303817 composite?
False
Is 272358263 a composite number?
False
Is 737363815 a composite number?
True
Is 6059189 composite?
True
Is 102712127 composite?
True
Is 49671437 a prime number?
True
Is 4488899 a prime number?
False
Is 491932411 composite?
True
Is 287092517 a prime number?
False
Is 372391 a prime number?
False
Is 597594431 composite?
True
Is 398521 composite?
True
Is 337526831 prime?
True
Is 798227 composite?
False
Is 6126199 prime?
False
Is 3785141 a composite number?
True
Is 2203889 a prime number?
True
Is 37233269 a composite number?
False
Is 118419529 composite?
False
Is 247638353 composite?
False
Is 3979753 prime?
False
Is 15766001 a prime number?
True
Is 11749181 a prime number?
True
Is 227621671 composite?
False
Is 31911809 composite?
True
Is 629411 composite?
False
Is 59764487 prime?
False
Is 2375072129 a composite number?
False
Is 19201907 a composite number?
False
Is 5348587 composite?
False
Is 11088739 composite?
False
Is 8789135 a prime number?
False
Is 17883365 a composite number?
True
Is 17058311 composite?
True
Is 62788487 composite?
False
Is 17042989 prime?
True
Is 7941853 prime?
False
Is 102871253 prime?
True
Is 133658219 a composite number?
False
Is 67275893 prime?
True
Is 16556951 a prime number?
False
Is 1817677 prime?
True
Is 1860377 prime?
True
Is 20686819 composite?
True
Is 21668723 a prime number?
True
Is 93339661 a composite number?
True
Is 105072911 prime?
True
Is 7214203 prime?
False
Is 3842129 composite?
True
Is 1612601 composite?
False
Is 405437 composite?
False
Is 224746933 a prime number?
False
Is 9302771 composite?
False
Is 21102481 prime?
True
Is 33141443 prime?
True
Is 982619 a composite number?
True
Is 174749 a composite number?
False
Is 712207 a prime number?
False
Is 841931 prime?
True
Is 17308039 prime?
False
Is 12116387 prime?
True
Is 191251303 composite?
False
Is 1870049 composite?
False
Is 11548031 a prime number?
False
Is 37220257 a prime number?
False
Is 16762341 a prime number?
False
Is 96417359 a prime number?
False
Is 478376267 composite?
False
Is 873120007 prime?
True
Is 40913503 a prime number?
False
Is 392593 a prime number?
True
Is 151480379 composite?
False
Is 7042681 a composite number?
False
Is 6140891 composite?
True
Is 55614745 prime?
False
Is 29310527 a composite number?
True
Is 1479497519 composite?
False
Is 111761 prime?
False
Is 27540509 composite?
True
Is 43953739 a composite number?
True
Is 44111219 a prime number?
True
Is 2284355 a prime number?
False
Is 33177373 prime?
True
Is 14371477 a prime number?
False
Is 142465153 a composite number?
False
Is 33092479 prime?
False
Is 1362821 a prime number?
False
Is 2691781 a composite number?
False
Is 181653845 a prime number?
False
Is 143283067 composite?
True
Is 2929873 composite?
True
Is 10829365 composite?
True
Is 1605649 prime?
False
Is 1692715 prime?
False
Is 16801502 a composite number?
True
Is 4876009 a prime number?
True
Is 1093259 a prime number?
False
Is 196848334 prime?
False
Is 274670257 a prime number?
False
Is 1353245081 composite?
False
Is 1542347 prime?
True
Is 872359 prime?
False
Is 25303451 a prime number?
False
Is 12636931 a composite number?
False
Is 8398003 composite?
False
Is 53707715 a composite number?
True
Is 985249805 a prime number?
False
Is 18160683 a composite number?
True
Is 2210123 a composite number?
True
Is 169672667 prime?
False
Is 5509423 a prime number?
True
Is 1648349 a prime number?
True
Is 53525221 prime?
True
Is 22432859 a prime number?
True
Is 7765203 a prime number?
False
Is 88828109 prime?
False
Is 117331499 prime?
True
Is 186791061 prime?
False
Is 7270379 a prime number?
True
Is 178803439 a composite number?
True
Is 1837097 composite?
False
Is 278318809 a prime number?
True
Is 47728051 prime?
False
Is 457222618 a composite number?
True
Is 15719503 composite?
False
Is 50851423 a prime number?
False
Is 7873093 a composite number?
False
Is 9521957 a composite number?
False
Is 13864969 a composite number?
False
Is 3469703 a composite number?
False
Is 50146723 a prime number?
False
Is 142471991 a composite number?
False
Is 956909761 composite?
True
Is 3726721 a composite number?
False
Is 6594611 composite?
False
Is 624421 a composite number?
True
Is 5176669 composite?
True
Is 1967039 composite?
False
Is 670679 prime?
False
Is 5972006 a composite number?
True
Is 465461 a composite number?
True
Is 2084149 a composite number?
True
Is 29838491 composite?
False
Is 210803773 a prime number?
True
Is 26734177 composite?
True
Is 99507739 a prime number?
False
Is 3089773 composite?
True
Is 37582049 prime?
True
Is 6691337 composite?
False
Is 1330307263 a prime number?
True
Is 1584211 prime?
False
Is 14043943 composite?
True
Is 104746781 a prime number?
False
Is 177148397 composite?
False
Is 1522867 a prime number?
False
Is 2718773 prime?
True
Is 42778159 a prime number?
True
Is 41987611 a prime number?
True
Is 4251523 a prime number?
True
Is 2512231 a composite number?
True
Is 27863611 a composite number?
False
Is 2280833 prime?
True
Is 2221871 a prime number?
True
Is 117882997 a prime number?
False
Is 30761699 prime?
True
Is 7068649 composite?
True
Is 9077011 a composite number?
True
Is 3151 composite?
True
Is 23475833 a composite number?
False
Is 144566021 prime?
True
Is 119724973 a prime number?
True
Is 495307 composite?
False
Is 49485805 prime?
False
Is 